 8) in base 10?
1857547
Convert b80b9 (base 13) to base 6.
11040323
ca97b (base 14) to base 12
1b78a9
Convert 126343 (base 10) to base 14.
34087
What is -1253158 (base 9) in base 12?
-290275
Convert 10111001000110100 (base 2) to base 10.
94772
Convert 200100001 (base 3) to base 13.
6112
What is 10900248 (base 10) in base 3?
202111210022220
-24121126 (base 8) to base 3
-100221110212221
Convert -547897 (base 10) to base 3.
-1000211120111
What is a3bece (base 16) in base 11?
606a57a
What is -2193218 (base 12) in base 13?
-1436c33
What is 30116563 (base 7) in base 9?
4617564
What is 32237354 (base 8) in base 12?
2387664
Convert 4c28b (base 14) to base 6.
4002123
What is -41254321 (base 7) in base 14?
-6607b8
What is -3047075 (base 8) in base 6?
-25141341
Convert -444935 (base 10) to base 11.
-284317
Convert 11313555 (base 8) to base 5.
1112313342
Convert 2a16a6 (base 12) to base 3.
1022221211200
What is 13b685 (base 15) in base 4?
3213321122
What is -1421067 (base 8) in base 5?
-100330400
-2322386 (base 11) to base 9
-7565410
-1012022110 (base 3) to base 8
-56004
Convert 4cec6 (base 15) to base 6.
5140240
Convert 55ef3 (base 16) to base 5.
42230422
184177a (base 12) to base 6
300301034
Convert 196596b (base 14) to base 9.
25657837
Convert -103311230313 (base 4) to base 9.
-10706010
What is 304654641 (base 7) in base 3?
1020122101010020
What is 102517 (base 10) in base 16?
19075
What is 110100110111110111 (base 2) in base 13?
77760
123332350 (base 6) to base 5
1104012432
Convert 557ccb (base 15) to base 10.
4076516
What is -3bb1523 (base 12) in base 16?
-b5f8ab
Convert 29c287 (base 14) to base 12.
5a1abb
What is 12a063 (base 14) in base 5?
131022213
What is 11001101000101100011 (base 2) in base 10?
840035
Convert -75208 (base 9) to base 2.
-1100001001001110
Convert -255051 (base 9) to base 11.
-a6170
304243 (base 5) to base 6
114020
What is -10366352 (base 7) in base 5?
-211444422
Convert -a65397 (base 13) to base 12.
-137a6b4
-221241312 (base 5) to base 2
-11101010111000100010
Convert 22100222012000 (base 3) to base 9.
8328160
-83987 (base 10) to base 9
-137178
-21032110120 (base 4) to base 2
-1001001110010100011000
Convert 268a (base 15) to base 10.
8230
Convert 17525225 (base 9) to base 3.
121120212020212
Convert 4317c (base 14) to base 2.
100111100110011010
11220433 (base 6) to base 9
575103
Convert 3004000 (base 5) to base 13.
18743
What is 3306154 (base 7) in base 2?
1100011000000001010
What is -8a901 (base 11) in base 10?
-131528
-6a450 (base 12) to base 16
-22bfc
What is -3072479 (base 10) in base 11?
-1809443
Convert 163442 (base 8) to base 12.
2a2aa
-11011111100001011101 (base 2) to base 11
-575958
Convert -869804 (base 14) to base 12.
-163a624
Convert 4b19a0 (base 12) to base 4.
10223131020
What is 20222202221010 (base 3) in base 15?
4d5e0c
1345604 (base 7) to base 12
87b9b
Convert 6d8bba (base 16) to base 12.
24a2762
-42644661 (base 8) to base 16
-8b49b1
6825946 (base 11) to base 15
10b22a0
Convert -131d346 (base 15) to base 16.
-d20597
Convert 84939 (base 11) to base 16.
1e2bf
Convert 23808106 (base 9) to base 4.
230121130230
Convert -10001111010110100 (base 2) to base 8.
-217264
254244101 (base 6) to base 10
4967173
Convert 95b49 (base 14) to base 16.
584d5
What is 10334033 (base 5) in base 4?
111330211
-11120010201 (base 3) to base 4
-111322213
Convert -325470 (base 11) to base 3.
-222101211100
4657745 (base 8) to base 4
10311333211
What is 10100100100011111110 (base 2) in base 6?
22240330
867027 (base 12) to base 9
4001864
1010112220221 (base 3) to base 4
2102310121
54606 (base 7) to base 11
a304
Convert -3331033132 (base 4) to base 12.
-42033a
Convert 53050525 (base 6) to base 3.
2220120011022
Convert -8bb06 (base 13) to base 15.
-50630
What is -445784 (base 10) in base 3?
-211122111112
What is 104164 (base 10) in base 2?
11001011011100100
What is 721062 (base 11) in base 4?
10122232112
Convert -3856113 (base 10) to base 12.
-135b669
Convert -491494 (base 11) to base 12.
-316203
Convert -12000204 (base 5) to base 10.
-109429
Convert -341272 (base 8) to base 7.
-660255
Convert 122100112 (base 4) to base 6.
2145514
What is 185d85 (base 15) in base 16?
12122c
What is -53c13 (base 16) in base 7?
-2626113
2c9bd (base 14) to base 12
54777
Convert 459817 (base 10) to base 3.
212100202021
110002022001122 (base 3) to base 5
3121010114
What is 2676741 (base 8) in base 13?
204a45
6a30c3 (base 13) to base 10
2520118
-1a2b (base 14) to base 10
-4743
Convert -23232030320 (base 4) to base 15.
-40a6ee
Convert 20423423 (base 5) to base 15.
357ad
What is -15e7ec4 (base 15) in base 4?
-330233200021
1110101111110101010 (base 2) to base 13
13bc56
-3337 (base 16) to base 8
-31467
1100101111001001100 (base 2) to base 10
417356
33313003222 (base 4) to base 11
238a7a4
1897a (base 16) to base 5
11210410
Convert 4602612 (base 7) to base 10.
572427
Convert 102786 (base 11) to base 7.
1254020
100001010010101110 (base 2) to base 12
66aba
-601003 (base 7) to base 5
-11214223
Convert 2100011201111 (base 3) to base 15.
198681
What is 427cb3 (base 15) in base 2?
1100000100110000111011
Convert 3103210031 (base 5) to base 2.
11000000011000000010110
What is 191d3 (base 14) in base 11?
43781
What is -212020102221112 (base 3) in base 8?
-57070775
-273345 (base 8) to base 6
-2020153
20a87 (base 11) to base 7
155114
Convert 190338 (base 15) to base 2.
100101000110011110000
-2e3a8b (base 16) to base 5
-1233422033
b85728 (base 12) to base 13
7aca05
Convert -577604 (base 10) to base 3.
-1002100022202
What is 1127625 (base 8) in base 7?
2416213
What is -186808 (base 9) in base 5?
-12212232
What is 59b74 (base 13) in base 11?
102685
-1011111111000 (base 2) to base 6
-44224
What is -1804813 (base 9) in base 16?
-f5f31
What is 33369 (base 10) in base 14?
c237
What is 10001111100001011001111 (base 2) in base 13?
c887c8
Convert 13b7797 (base 12) to base 4.
33022022203
Convert 1113640 (base 7) to base 13.
4aba5
-513a7 (base 11) to base 10
-75016
Convert -114603 (base 7) to base 5.
-1132002
Convert -2310121203 (base 4) to base 5.
-142121130
-e9c39 (base 15) to base 6
-23522343
Convert -2180613 (base 10) to base 14.
-40a981
What is 26b089 (base 13) in base 14?
1a5cc8
Convert 126857 (base 9) to base 14.
20217
What is -326040 (base 8) in base 16?
-1ac20
What is 5a36 (base 15) in base 11?
13453
What is 3300402 (base 7) in base 15?
7e896
What is 111100100101010111 (base 2) in base 9?
417353
What is -110110001111100001 (base 2) in base 10?
-222177
What is 703c48 (base 16) in base 14?
d967c4
-8c58a2 (base 13) to base 3
-20020221210100
Convert 2cc40 (base 16) to base 9.
308463
What is -302031121 (base 4) in base 5?
-23040112
What is 52048 (base 12) in base 2?
11010001010111000
-ca49 (base 16) to base 14
-14c2d
Convert 45b458 (base 13) to base 8.
6234235
What is 4915a (base 11) in base 4?
101101021
What is 20653016 (base 7) in base 13?
4986c8
Convert 243134031 (base 5) to base 2.
100010111110100011101
20a7a28 (base 11) to base 6
211150013
-1c0d8 (base 14) to base 6
-1311102
Convert 50502150 (base 6) to base 3.
2201010000110
432541 (base 6) to base 16
8b2d
-10101100000010110110110 (base 2) to base 12
-1a7a586
What is -638988 (base 12) in base 13?
-42ca5b
What is 245a072 (base 11) in base 8?
20233400
What is -1121242 (base 11) in base 10?
-1963513
-23320122 (base 5) to base 7
-1550200
Convert -264 (base 12) to base 15.
-194
Convert -1212204030 (base 5) to base 7.
-33141353
What is -110349 (base 13) in base 8?
-1416046
-2206103 (base 7) to base 11
-175694
-728c (base 14) to base 8
-46414
-1c46c2 (base 13) to base 6
-23303441
Convert 1365732 (base 10) to base 9.
2511380
What is 24001211 (base 6) in base 2?
10110110010100100111
Convert -6452518 (base 9) to base 15.
-4850a2
130210101000 (base 4) to base 10
7488576
What is -4143003 (base 5) in base 7?
-403501
Convert -1801932 (base 10) to base 14.
-34c976
Convert -100100111001000100 (base 2) to base 16.
-24e44
What is 333311213 (base 4) in base 9?
437612
Convert c1c69 (base 15) to base 5.
124114144
-11100111010100011 (base 2) to base 6
-2312151
Convert -115600311 (base 7) to base 11.
-4120838
Convert 14f697 (base 16) to base 15.
1c20ec
Convert -1001221302 (base 5) to base 8.
-7424204
What is 11100111010101001100 (base 2) in base 4?
3213111030
